{"version":"1.0","provider_name":"Ajuntament de Santa Pola","provider_url":"https:\/\/santapola.es\/ca\/","author_name":"Usuario Gen\u00e9rico Web","author_url":"https:\/\/santapola.es\/ca\/author\/generico\/","title":"XXVII\u00e9 Premi Sant Jordi - Ajuntament de Santa Pola","type":"rich","width":600,"height":338,"html":"<blockquote class=\"wp-embedded-content\" data-secret=\"3yQ4yVFFh8\"><a href=\"https:\/\/santapola.es\/ca\/xxviie-premi-sant-jordi\/\">XXVII\u00e9 Premi Sant Jordi<\/a><\/blockquote><iframe sandbox=\"allow-scripts\" security=\"restricted\" src=\"https:\/\/santapola.es\/ca\/xxviie-premi-sant-jordi\/embed\/#?secret=3yQ4yVFFh8\" width=\"600\" height=\"338\" title=\"&#8220;XXVII\u00e9 Premi Sant Jordi&#8221; &#8212; Ajuntament de Santa Pola\" data-secret=\"3yQ4yVFFh8\" frameborder=\"0\" marginwidth=\"0\" marginheight=\"0\" scrolling=\"no\" class=\"wp-embedded-content\"><\/iframe><script type=\"text\/javascript\">\n\/* <![CDATA[ *\/\n\/*! This file is auto-generated *\/\n!function(d,l){\"use strict\";l.querySelector&&d.addEventListener&&\"undefined\"!=typeof URL&&(d.wp=d.wp||{},d.wp.receiveEmbedMessage||(d.wp.receiveEmbedMessage=function(e){var t=e.data;if((t||t.secret||t.message||t.value)&&!\/[^a-zA-Z0-9]\/.test(t.secret)){for(var s,r,n,a=l.querySelectorAll('iframe[data-secret=\"'+t.secret+'\"]'),o=l.querySelectorAll('blockquote[data-secret=\"'+t.secret+'\"]'),c=new RegExp(\"^https?:$\",\"i\"),i=0;i<o.length;i++)o[i].style.display=\"none\";for(i=0;i<a.length;i++)s=a[i],e.source===s.contentWindow&&(s.removeAttribute(\"style\"),\"height\"===t.message?(1e3<(r=parseInt(t.value,10))?r=1e3:~~r<200&&(r=200),s.height=r):\"link\"===t.message&&(r=new URL(s.getAttribute(\"src\")),n=new URL(t.value),c.test(n.protocol))&&n.host===r.host&&l.activeElement===s&&(d.top.location.href=t.value))}},d.addEventListener(\"message\",d.wp.receiveEmbedMessage,!1),l.addEventListener(\"DOMContentLoaded\",function(){for(var e,t,s=l.querySelectorAll(\"iframe.wp-embedded-content\"),r=0;r<s.length;r++)(t=(e=s[r]).getAttribute(\"data-secret\"))||(t=Math.random().toString(36).substring(2,12),e.src+=\"#?secret=\"+t,e.setAttribute(\"data-secret\",t)),e.contentWindow.postMessage({message:\"ready\",secret:t},\"*\")},!1)))}(window,document);\n\/\/# sourceURL=https:\/\/santapola.es\/wp-includes\/js\/wp-embed.min.js\n\/* ]]> *\/\n<\/script>\n","description":"Como cada a\u00f1o la Concejal\u00eda de Cultura del Ayuntamiento de Santa Pola y la Asociaci\u00f3n Cultural Antina convocan el &#8220;XXVII Premi Sant Jordi&#8221; para todos los alumnos de 3\u00ba hasta 2\u00ba de ESO que sean estudiantes en un centro de Santa Pola. Las obras se podr\u00e1n presentar tanto en papel como digital antes del 17 [&hellip;]","thumbnail_url":"https:\/\/santapola.es\/wp-content\/uploads\/2021\/04\/2021_SANTJORDI_SANTAPOLA-1-725x1024.jpg"}

Usuario Genérico Web

XXVIIé Premi Sant Jordi - Ajuntament de Santa Pola

<blockquote class="wp-embedded-content" data-secret="3yQ4yVFFh8"><a href="https://santapola.es/ca/xxviie-premi-sant-jordi/">XXVIIé Premi Sant Jordi</a></blockquote><iframe sandbox="allow-scripts" security="restricted" src="https://santapola.es/ca/xxviie-premi-sant-jordi/embed/#?secret=3yQ4yVFFh8" width="600" height="338" title="&#8220;XXVIIé Premi Sant Jordi&#8221; &#8212; Ajuntament de Santa Pola" data-secret="3yQ4yVFFh8" frameborder="0" marginwidth="0" marginheight="0" scrolling="no" class="wp-embedded-content"></iframe><script type="text/javascript">
/* <![CDATA[ */
/*! This file is auto-generated */
!function(d,l){"use strict";l.querySelector&&d.addEventListener&&"undefined"!=typeof URL&&(d.wp=d.wp||{},d.wp.receiveEmbedMessage||(d.wp.receiveEmbedMessage=function(e){var t=e.data;if((t||t.secret||t.message||t.value)&&!/[^a-zA-Z0-9]/.test(t.secret)){for(var s,r,n,a=l.querySelectorAll('iframe[data-secret="'+t.secret+'"]'),o=l.querySelectorAll('blockquote[data-secret="'+t.secret+'"]'),c=new RegExp("^https?:$","i"),i=0;i<o.length;i++)o[i].style.display="none";for(i=0;i<a.length;i++)s=a[i],e.source===s.contentWindow&&(s.removeAttribute("style"),"height"===t.message?(1e3<(r=parseInt(t.value,10))?r=1e3:~~r<200&&(r=200),s.height=r):"link"===t.message&&(r=new URL(s.getAttribute("src")),n=new URL(t.value),c.test(n.protocol))&&n.host===r.host&&l.activeElement===s&&(d.top.location.href=t.value))}},d.addEventListener("message",d.wp.receiveEmbedMessage,!1),l.addEventListener("DOMContentLoaded",function(){for(var e,t,s=l.querySelectorAll("iframe.wp-embedded-content"),r=0;r<s.length;r++)(t=(e=s[r]).getAttribute("data-secret"))||(t=Math.random().toString(36).substring(2,12),e.src+="#?secret="+t,e.setAttribute("data-secret",t)),e.contentWindow.postMessage({message:"ready",secret:t},"*")},!1)))}(window,document);
//# sourceURL=https://santapola.es/wp-includes/js/wp-embed.min.js
/* ]]> */
</script>

Como cada año la Concejalía de Cultura del Ayuntamiento de Santa Pola y la Asociación Cultural Antina convocan el &#8220;XXVII Premi Sant Jordi&#8221; para todos los alumnos de 3º hasta 2º de ESO que sean estudiantes en un centro de Santa Pola. Las obras se podrán presentar tanto en papel como digital antes del 17 [&hellip;]
