{"version":"1.0","provider_name":"Ajuntament de Santa Pola","provider_url":"https:\/\/santapola.es\/ca\/","author_name":"\u00c1rea Municipal Alcald\u00eda","author_url":"https:\/\/santapola.es\/ca\/author\/alcaldia\/","title":"AVISO de RIESGOS METEOROLOGICOS en la Comunidad Valenciana - Ajuntament de Santa Pola","type":"rich","width":600,"height":338,"html":"<blockquote class=\"wp-embedded-content\" data-secret=\"16LdEuiqTc\"><a href=\"https:\/\/santapola.es\/ca\/aviso-de-riesgos-meteorologicos-en-la-comunidad-valenciana\/\">AVISO de RIESGOS METEOROLOGICOS en la Comunidad Valenciana<\/a><\/blockquote><iframe sandbox=\"allow-scripts\" security=\"restricted\" src=\"https:\/\/santapola.es\/ca\/aviso-de-riesgos-meteorologicos-en-la-comunidad-valenciana\/embed\/#?secret=16LdEuiqTc\" width=\"600\" height=\"338\" title=\"&#8220;AVISO de RIESGOS METEOROLOGICOS en la Comunidad Valenciana&#8221; &#8212; Ajuntament de Santa Pola\" data-secret=\"16LdEuiqTc\" frameborder=\"0\" marginwidth=\"0\" marginheight=\"0\" scrolling=\"no\" class=\"wp-embedded-content\"><\/iframe><script type=\"text\/javascript\">\n\/* <![CDATA[ *\/\n\/*! This file is auto-generated *\/\n!function(d,l){\"use strict\";l.querySelector&&d.addEventListener&&\"undefined\"!=typeof URL&&(d.wp=d.wp||{},d.wp.receiveEmbedMessage||(d.wp.receiveEmbedMessage=function(e){var t=e.data;if((t||t.secret||t.message||t.value)&&!\/[^a-zA-Z0-9]\/.test(t.secret)){for(var s,r,n,a=l.querySelectorAll('iframe[data-secret=\"'+t.secret+'\"]'),o=l.querySelectorAll('blockquote[data-secret=\"'+t.secret+'\"]'),c=new RegExp(\"^https?:$\",\"i\"),i=0;i<o.length;i++)o[i].style.display=\"none\";for(i=0;i<a.length;i++)s=a[i],e.source===s.contentWindow&&(s.removeAttribute(\"style\"),\"height\"===t.message?(1e3<(r=parseInt(t.value,10))?r=1e3:~~r<200&&(r=200),s.height=r):\"link\"===t.message&&(r=new URL(s.getAttribute(\"src\")),n=new URL(t.value),c.test(n.protocol))&&n.host===r.host&&l.activeElement===s&&(d.top.location.href=t.value))}},d.addEventListener(\"message\",d.wp.receiveEmbedMessage,!1),l.addEventListener(\"DOMContentLoaded\",function(){for(var e,t,s=l.querySelectorAll(\"iframe.wp-embedded-content\"),r=0;r<s.length;r++)(t=(e=s[r]).getAttribute(\"data-secret\"))||(t=Math.random().toString(36).substring(2,12),e.src+=\"#?secret=\"+t,e.setAttribute(\"data-secret\",t)),e.contentWindow.postMessage({message:\"ready\",secret:t},\"*\")},!1)))}(window,document);\n\/\/# sourceURL=https:\/\/santapola.es\/wp-includes\/js\/wp-embed.min.js\n\/* ]]> *\/\n<\/script>\n","thumbnail_url":"https:\/\/santapola.es\/wp-content\/uploads\/2019\/09\/DANA_09-09-19.jpg","thumbnail_width":911,"thumbnail_height":683,"description":"Entre la DANA -gota fr\u00eda- y las tormentas que ahora surcan el Mediterr\u00e1neo, en la pr\u00f3xima madrugada podr\u00eda aparecer un medicane en el mar Balear. Se preve\u00e9 para esta madrugada que la zona m\u00e1s fr\u00eda de la DANA sobrepase el mar Balear, y la peque\u00f1a borrasca se dirija hacia el suroeste hasta llegar a las [&hellip;]"}

Área Municipal Alcaldía

Entre la DANA -gota fría- y las tormentas que ahora surcan el Mediterráneo, en la próxima madrugada podría aparecer un medicane en el mar Balear. Se preveé para esta madrugada que la zona más fría de la DANA sobrepase el mar Balear, y la pequeña borrasca se dirija hacia el suroeste hasta llegar a las [&hellip;]
